2*m + s - 3*s + 50 = 0, -5*m + 4*s + 116 = 0. List the prime factors of m.
2, 3
Suppose 0 = q + 3*q + 16. What are the prime factors of 2/8 + (-11)/q?
3
Let i be (-4 + 2)*26/(-4). Suppose -3*w + i = -8. What are the prime factors of w?
7
Suppose k = 4*b - 12, 3*b = -5*k + 2 - 16. Let r(j) = 6*j - 2. Let t be r(b). What are the prime factors of (6/(-5))/((-4)/t)?
3
Let n be 4*1/(-3)*-3. Suppose -47 = -n*o - 7. What are the prime factors of o?
2, 5
Suppose -2*b + 62 = -76. List the prime factors of b.
3, 23
Let i = -9 - -11. Suppose i*l = 45 - 7. List the prime factors of l.
19
Suppose 6*g = 2132 - 284. What are the prime factors of g?
2, 7, 11
Let s(l) = l**2 + l + 5. What are the prime factors of s(9)?
5, 19
Let p = 8 + 4. Let j(k) = k + 3. Let r be j(-3). Suppose 4*f - p = -r*f. What are the prime factors of f?
3
What are the prime factors of 3678/36 - 2/12?
2, 3, 17
Let y(l) = -l**3 + 2*l**3 - 12 - 9*l**2 + 2*l - 5*l**3 + 5*l**3. What are the prime factors of y(9)?
2, 3
Let n(f) = 22*f**3 + 2*f**2 - 1. Let k be 20/6 - (-2)/3. Suppose 0 = -5*m + 1 + k. List the prime factors of n(m).
23
Let u(l) = l**2 - 9. What are the prime factors of u(-8)?
5, 11
Let z be -6 - -6 - (-10 - -1). Let h(s) = s - 12. Let i be h(z). List the prime factors of i - -9 - (2 - 1).
5
Let n(p) = 5*p - 9. Let o be n(6). Let i = -20 - -16. What are the prime factors of (-154)/o*6/i?
11
Let s(u) = -u**2 + 9*u + 10. Let q be (0 - 12)/((-6)/4). What are the prime factors of s(q)?
2, 3
Let k = 2 - -2. Suppose -4*m + 9*m + k*c - 17 = 0, 4 = -2*c. What are the prime factors of (-1 - -12) + (6 - m)?
2, 3
Suppose 4*t - 2*t - 98 = 0. What are the prime factors of t?
7
Let d be 14/3 + (-2)/3. Let o = d - -12. List the prime factors of o.
2
Suppose 0 = 9*j - 8*j - 3. List the prime factors of j.
3
Let z(g) = 2*g + 8. List the prime factors of z(0).
2
Suppose -6*m + 419 = -151. List the prime factors of m.
5, 19
Let l(p) = p**2 + 12. Let m be l(0). Suppose -27 = -3*d + 3. What are the prime factors of (-15)/(-3)*m/d?
2, 3
Suppose 2*a - 375 = 2*u - 5*u, 5*a + 523 = 4*u. What are the prime factors of u?
127
Let o be 5/((-15)/(-9)) + 2. Suppose 0 = -o*f + 63 + 2. What are the prime factors of f?
13
Let s = 265 + -147. What are the prime factors of s?
2, 59
Suppose 0*s + 16 = 4*s. Let q be 8/(-6)*(-6)/s. Let r = 8 + q. List the prime factors of r.
2, 5
What are the prime factors of 30*(-2)/(-8)*2?
3, 5
Let m(v) = 0*v**2 + v**2 - 10 + 0*v**2 + 2 - 6*v. Let r be m(7). List the prime factors of (-11)/r*(-1 + 2).
11
Let o(w) = w**3 + 5*w**2 - 3. Let j(l) = -l**3 - 4*l**2 + l + 2. Let f(s) = 4*j(s) + 3*o(s). List the prime factors of f(-3).
5
Suppose -5*a = -135 - 250. List the prime factors of a.
7, 11
Let l(d) = 36 - d - 36. List the prime factors of l(-11).
11
Let h = 56 + -10. List the prime factors of h.
2, 23
Let u be 21*6/9*1. List the prime factors of 8/(-56) + 184/u.
13
Let s = 73 - 50. Let q = 8 - s. List the prime factors of (-1*2)/(6/q).
5
Suppose -13 = -5*p + 7. What are the prime factors of p?
2
Let d(s) = 0*s**2 - 2 + 51*s**2 + 3*s + 0*s. What are the prime factors of d(1)?
2, 13
Let k = 124 + -216. Let u be k/9 - (-4)/18. What are the prime factors of (-2)/10 + (-202)/u?
2, 5
Let h(j) = -6*j - 5 + 1 + 0. Let d be h(-3). What are the prime factors of 2/7 - (-164)/d?
2, 3
Suppose -2 = j - 3. Let g be -2 + (j - -3)*1. Suppose 6*k - 3*l - 32 = g*k, 2*k + l - 26 = 0. List the prime factors of k.
11
Let j = 12 - 7. Suppose -j = -5*y, -w = -5*y - 0 - 11. List the prime factors of w.
2
Let d = -3 - -4. Suppose 12 - d = q. What are the prime factors of q?
11
Let z be -16*-2*3/12. Suppose -z = -f - 3*f. Let i = f + 0. List the prime factors of i.
2
Let n(p) = p**3 + 8*p**2 + 8*p + 1. Suppose 5*k = -25, 3*a + 18 - 5 = k. List the prime factors of n(a).
5
Suppose -r = 2*d - 73, 3*d - r - 99 = r. Suppose 3*h - 2*h = d. What are the prime factors of h?
5, 7
List the prime factors of (3 - -7) + -2 + 2.
2, 5
Suppose x - 26 = -0*p - 5*p, 5*x + 5*p - 30 = 0. Suppose 4*f = -16, -5 = -5*h - f + x. List the prime factors of 2 + (h/(-2) - -14).
3, 5
Let h = 80 + -44. List the prime factors of h.
2, 3
Let f = 20 + -20. Let s(a) = 3*a**3 + 3*a - 56. Let d(x) = x**3 + x - 19. Let p(u) = 11*d(u) - 4*s(u). What are the prime factors of p(f)?
3, 5
Let y be 40/12 - (-2)/(-6). Suppose 0 = 2*p - y*b - 12 - 23, 5*b = -3*p + 43. List the prime factors of (-27)/12*p/(-3).
2, 3
Let v be 1 - -2 - (-1 - 1). Suppose o + 108 = v*o. What are the prime factors of o?
3
Let p(k) = 6*k - 5. List the prime factors of p(3).
13
Let h(m) = -m**3 - m**2 + 3*m - 3. Let x be h(-4). Suppose 2*i = -i + x. List the prime factors of i.
11
Suppose 8*v + 180 = 10*v. What are the prime factors of v?
2, 3, 5
Let t be (8/(-5))/(-4)*-15. What are the prime factors of (-76)/t - (-8)/(-12)?
2, 3
Let d(h) = h**3 + 14*h**2 + 17*h + 16. Let v be d(-13). Let x = -17 - v. List the prime factors of x.
19
Suppose -5*w + g - 640 = 6*g, -4*w + 4*g - 480 = 0. List the prime factors of 1/4 + w/(-16).
2
Let i = 43 + -14. Let x = -21 + i. What are the prime factors of x?
2
Let m(x) = 2*x**2 + 2*x + 3. Let h be m(-4). Let s(t) = 5*t**2 + 2*t + 1. Let q be s(-3). Let n = q - h. What are the prime factors of n?
13
Suppose -507 = -4*d - l, -2*l - 640 = -5*d + 3*l. List the prime factors of d.
127
Let c = -117 + 246. What are the prime factors of c?
3, 43
Let f(r) = -5*r. Let h be f(-1). Suppose 11 = h*a - 0*a + 3*o, -o = 3. What are the prime factors of a/(4/5) - 0?
5
Let f = 1 + 34. Suppose -3*l = 4*n - f, 3*l = 3*n - 16 - 5. What are the prime factors of n?
2
Let k = 32 + -10. What are the prime factors of k?
2, 11
Let r(m) = m**2 + 3*m - 3. What are the prime factors of r(3)?
3, 5
Let m(x) = -2*x**2 - 4*x**2 + 5*x**2 + 1 - 7*x. List the prime factors of m(-6).
7
Let u = -11 - -4. Let g(w) = 5*w**2 + 4*w + 10. Let n(x) = -x**2 + x. Let a(c) = g(c) + 4*n(c). List the prime factors of a(u).
3
Let j = 3 + 4. Suppose -j*w - 56 = -9*w. What are the prime factors of w?
2, 7
Suppose 0 = 3*q + 5*p + 158, 0 = -2*q - 0*p + 5*p - 72. List the prime factors of q/(-6) - 6/(-18).
2
Suppose 3*j - 139 = -4*v, 2*j - 5 = -v + 26. What are the prime factors of v?
37
List the prime factors of 274/3 + 6/9.
2, 23
Let k(n) = -n**3 - n**2 - 2*n - 7. Let r be k(-5). List the prime factors of r/5 + (-8)/(-20).
3, 7
Suppose 3*o = 5*d - 22 - 142, -112 = -3*d - 5*o. Suppose -k - 48 = -2*s - 0*s, s - d = 3*k. What are the prime factors of s?
2, 11
Suppose -4*t + 2*t = -66. What are the prime factors of t?
3, 11
Let d(f) = -3*f + 4*f**2 - 4*f**2 - f**3 - 2 - 2*f**2 - 3*f**2. What are the prime factors of d(-5)?
13
Suppose 5*v = u - 83 - 22, 5*u - 2*v = 479. List the prime factors of u.
5, 19
Let d(p) = p**3 - 12*p**2 - 13*p. Let v be d(13). Let h = v + -4. List the prime factors of (h/(-5))/(8/100).
2, 5
Let r = -24 + 18. Let y = 9 + r. What are the prime factors of y?
3
Let b = 4 - 3. What are the prime factors of 4/10*40/b?
2
Suppose 0 = -5*q + 233 - 53. Let m = q - 20. What are the prime factors of m?
2
Let h(k) be the first derivative of 2*k**2 - 4*k + 1. Let v be h(-3). Let w = -8 - v. What are the prime factors of w?
2
Let n(h) = 9*h**2 - 4*h + 5. Let l be n(2). What are the prime factors of l + (-3 - 5)/4?
31
Let k = -159 + 263. What are the prime factors of k?
2, 13
What are the prime factors of 1 - (-20)/(-4)*-4?
3, 7
Let y(k) = 6*k - 7. Let o(l) = 6*l**2 - l. Let a be o(1). Let u be y(a). Let j = -11 + u. What are the prime factors of j?
2, 3
Let q(o) = -o**2 - 7*o - 6. Let i be q(-5). Let b(s) = s + 3. What are the prime factors of b(i)?
7
Let o = 245 - 153. What are the prime factors of o?
2, 23
Let p = 8 + -5. Suppose -p*m + 7*m = 20. What are the prime factors of m?
5
Let p(j) be the third derivative of -j**6/40 - j**4/24 - 2*j**2. Let v be p(1). What are the prime factors of (-14)/v + 3/6?
2
Let i(a) = a**3 - a. Let t be i(3). Suppose t = -2*x - 2*x. Let v(u) = u + 8. List the prime factors of v(x).
2
Suppose -15 = -11*g + 10*g. What are the prime factors of 2*g + 4/2?
2
List the prime factors of (-405)/63 - -6 - (-2607)/7.
2, 3, 31
Let z be (-39)/(-9) + 6/9. Suppose z*w = -0*w - 50. What are the prime factors of 1/(-3 - 32/w)?
5
What are the prime factors of 935